{"id":17,"date":"2011-05-19T09:00:18","date_gmt":"2011-05-19T07:00:18","guid":{"rendered":"http:\/\/www.amicsdelapasseja.com\/wordpress\/?page_id=17"},"modified":"2023-12-06T14:04:15","modified_gmt":"2023-12-06T12:04:15","slug":"historia-2022","status":"publish","type":"page","link":"https:\/\/www.amicsdelapasseja.com\/wordpress\/historia-2022\/","title":{"rendered":"La Hist\u00f2ria"},"content":{"rendered":"<h2>Hist\u00f2ria de l&#8217;Associaci\u00f3<\/h2>\n<p>L\u2019any 1989 va n\u00e0ixer l\u2019Associaci\u00f3 d\u2019Amics de la Passej\u00e0 de Quart de Poblet, un grup d\u2019homes i dones que ens reconeixem a nosaltres mateixa com amics.<br \/>\n<a title=\"Amics de la Passej\u00e0\" href=\"http:\/\/www.sentopb.byethost31.com\/wp-content\/themes\/amics05.jpg\" target=\"_blank\" rel=\"noopener\"><br \/>\n<\/a>El nostre inter\u00e9s \u00e9s mantindre i dignificar una festa en la que participem com a col\u00b7lectiu i que, des de l\u2019any 1723, -segons diuen- se cel\u00b7lebra cada 9 de juny: La PASSEJ\u00c0 de Sant ONOFRE, la festa que m\u00e9s ens identifica com a quartans. Aix\u00ed, amb eixe esperit de fer la festa de tots i totes, et convidem a que ens conegues i a que estimes al nostre poble, la nostra terra i la nostra gent.<\/p>\n<h2>Qui s\u00f3m<\/h2>\n<p>Formem el col\u00b7lectiu al voltant de 80 dones i homes, de totes les edats, units nom\u00e9s per l\u2019estima d\u2019all\u00f3 que \u00e9s nostre. La nostra activitat fonamental se centra en la Passej\u00e0. Volem que tinga cada vegada m\u00e9s pres\u00e8ncia als nostres carrers i m\u00e9s significat per als quartans i per a tots els que estan relacionats amb el nostre poble i la nostra cultura. Considerem la Passej\u00e0 com un PATRIMONI del que som portadors amb tot el ve\u00efnat del nostre poble. I per eixe cam\u00ed, de defendre i mantindre la festa, nosaltres fem festa.<\/p>\n<p>&nbsp;<\/p>\n<h2>Hist\u00f2ria de la Passej\u00e0<\/h2>\n<h2>Presentaci\u00f3<\/h2>\n<p>La tradici\u00f3 situa l\u2019origen de la Passej\u00e0 a l\u2019any 1723, en el marc d\u2019una llegenda miraculosa en un Quart agr\u00edcola i rural. D\u2019aquella \u00e8poca, en un poble sota el domini feudal dels monges de Poblet, hi queda documentaci\u00f3 sobre una s\u00e8rie de festes organitzades de forma popular (les clavaries que es responsabilitzaven de les festes patronals de setembre) i d\u2019altres m\u00e9s institucionals, on l\u2019ajuntament de Quart corria amb les despeses dels actes religiosos. Estes \u00faltimes es feen en honor a S. Antoni, S. Josep, S. Roc i, especialment, la festa de S. Onofre al 10 de Juny.<br \/>\nA banda de la llegenda, la realitat \u00e9s que la Passej\u00e0 \u00e9s una processo votiva, on el poble de Quart, representant pel seu Ajuntament i el ve\u00efns, rendix homenatge al Sant patr\u00f3 per la seua intercessi\u00f3, passejant-lo a la nit de la vespra de la seua festa amb llums de coets. El pas del temps ha anat configurant una s\u00e8rie d\u2019elements que caracteritzen la festa fent-la peculiar i senya d\u2019identitat pr\u00f2pia de Quart de Poblet. Estos elements s\u00f3n:<br \/>\n\u2022\tLa figura de Sant Onofre, patr\u00f3 de Quart, que \u00e9s passejat pels carrers del poble. La seua anda, on el Sant anacoreta rep la comuni\u00f3 de mans d\u2019un angel a la seua cova, feta a 1940 per &#8230;., \u00e9s una replica d\u2019una altra m\u00e9s antiga , probablement del s.XVII, destru\u00efda a la Guerra Civil.<br \/>\n\u2022\tLa participaci\u00f3 popular, representada per l\u2019Ajuntament i els ve\u00efns que acompanyen al sant, darrere l\u2019anda, de manera informal i dissentida.<br \/>\n\u2022\tEl foc de p\u00f3lvora, amb les rodes de foc que es fan a determinats punt del recorregut, i amb la fila de coeters, que encap\u00e7alen la process\u00f3 amb llumin\u00e0ries i coets d\u2019eixides, mantingut amb tenalles de fusta.<br \/>\n\u2022\tLa m\u00fasica, tant el grup de tabal i dol\u00e7aina que obri la proces\u00f3 com la banda que la tanca, contribueixen a remarcar el car\u00e0cter festiu de l\u2019acte.<\/p>\n<h2>La llegenda de la Passej\u00e0<\/h2>\n<p>Conten els majors que al finalitzar la primavera de 1723 la situaci\u00f3 del llauradors de Quart de Poblet, que eren la majoria del habitants del poble, era desesperada. Hi havia una gran sequera i el mesos de pluja havien passat sense deixar quasi aigua. El riu, a m\u00e9s a m\u00e9s, a penes duia un poc de l\u00edquid, i les s\u00e9quies feia dies que no portaven aigua. Per aix\u00f3, quan en la nit del 9 de Juny s\u2019arremolinaren els n\u00favols de tempesta, en moltes cases comen\u00e7aren a donar gr\u00e0cies a S. Onofre per haver sentit les seues peticions i no haver abandonat als seus fills de Quart en eixa situaci\u00f3 anguniosa. Per\u00f2 l\u2019alegria de seguida es convert\u00ed en un crit de desesperaci\u00f3 quan comen\u00e7aren a caure als carrers del poble grosses pedres de granis: Si les collites estaven debilitades, aquella pedra seria la perduda completa de tot i l\u2019inici d\u2019una temporada de fam. Els llauradors, ixqueren a plena nit als camps per tractar de salvar el que es poguera. All\u00ed, a l\u2019horta, s\u2019adonaren que mentres al poble continuava caiguent la pedra, als camps nom\u00e9s plovia aigua beneficiosa.<br \/>\nDe seguida, entengueren que aix\u00f2 era una senyal de la protecci\u00f3 del seu patr\u00f3 S. Onofre i, correguent, es concentraren a la porta de la ermita, i obriguent les portes, tragueren l\u2019anda de vell Sant per agrair-li, en process\u00f3 de traques d\u2019alegria, la seua intervenci\u00f3 miraculosa.<\/p>\n<p>&nbsp;<\/p>\n","protected":false},"excerpt":{"rendered":"<p>Hist\u00f2ria de l&#8217;Associaci\u00f3 L\u2019any 1989 va n\u00e0ixer l\u2019Associaci\u00f3 d\u2019Amics de la Passej\u00e0 de Quart de Poblet, un grup d\u2019homes i dones que ens reconeixem a nosaltres mateixa com amics. El nostre inter\u00e9s \u00e9s mantindre i dignificar una festa en la que participem com a col\u00b7lectiu i que, des de l\u2019any 1723, -segons diuen- se cel\u00b7lebra&#8230;<\/p>\n","protected":false},"author":1,"featured_media":0,"parent":0,"menu_order":0,"comment_status":"closed","ping_status":"closed","template":"","meta":{"_kad_post_transparent":"","_kad_post_title":"","_kad_post_layout":"","_kad_post_sidebar_id":"","_kad_post_content_style":"","_kad_post_vertical_padding":"","_kad_post_feature":"","_kad_post_feature_position":"","_kad_post_header":false,"_kad_post_footer":false,"footnotes":""},"_links":{"self":[{"href":"https:\/\/www.amicsdelapasseja.com\/wordpress\/wp-json\/wp\/v2\/pages\/17"}],"collection":[{"href":"https:\/\/www.amicsdelapasseja.com\/wordpress\/wp-json\/wp\/v2\/pages"}],"about":[{"href":"https:\/\/www.amicsdelapasseja.com\/wordpress\/wp-json\/wp\/v2\/types\/page"}],"author":[{"embeddable":true,"href":"https:\/\/www.amicsdelapasseja.com\/wordpress\/wp-json\/wp\/v2\/users\/1"}],"replies":[{"embeddable":true,"href":"https:\/\/www.amicsdelapasseja.com\/wordpress\/wp-json\/wp\/v2\/comments?post=17"}],"version-history":[{"count":9,"href":"https:\/\/www.amicsdelapasseja.com\/wordpress\/wp-json\/wp\/v2\/pages\/17\/revisions"}],"predecessor-version":[{"id":4152,"href":"https:\/\/www.amicsdelapasseja.com\/wordpress\/wp-json\/wp\/v2\/pages\/17\/revisions\/4152"}],"wp:attachment":[{"href":"https:\/\/www.amicsdelapasseja.com\/wordpress\/wp-json\/wp\/v2\/media?parent=17"}],"curies":[{"name":"wp","href":"https:\/\/api.w.org\/{rel}","templated":true}]}}

La Història

<h2>Història de l&#8217;Associació</h2>
<p>L’any 1989 va nàixer l’Associació d’Amics de la Passejà de Quart de Poblet, un grup d’homes i dones que ens reconeixem a nosaltres mateixa com amics.<br />
<a title="Amics de la Passejà" href="http://www.sentopb.byethost31.com/wp-content/themes/amics05.jpg" target="_blank" rel="noopener"><br />
</a>El nostre interés és mantindre i dignificar una festa en la que participem com a col·lectiu i que, des de l’any 1723, -segons diuen- se cel·lebra cada 9 de juny: La PASSEJÀ de Sant ONOFRE, la festa que més ens identifica com a quartans. Així, amb eixe esperit de fer la festa de tots i totes, et convidem a que ens conegues i a que estimes al nostre poble, la nostra terra i la nostra gent.</p>
<h2>Qui sóm</h2>
<p>Formem el col·lectiu al voltant de 80 dones i homes, de totes les edats, units només per l’estima d’alló que és nostre. La nostra activitat fonamental se centra en la Passejà. Volem que tinga cada vegada més presència als nostres carrers i més significat per als quartans i per a tots els que estan relacionats amb el nostre poble i la nostra cultura. Considerem la Passejà com un PATRIMONI del que som portadors amb tot el veïnat del nostre poble. I per eixe camí, de defendre i mantindre la festa, nosaltres fem festa.</p>
<p>&nbsp;</p>
<h2>Història de la Passejà</h2>
<h2>Presentació</h2>
<p>La tradició situa l’origen de la Passejà a l’any 1723, en el marc d’una llegenda miraculosa en un Quart agrícola i rural. D’aquella època, en un poble sota el domini feudal dels monges de Poblet, hi queda documentació sobre una sèrie de festes organitzades de forma popular (les clavaries que es responsabilitzaven de les festes patronals de setembre) i d’altres més institucionals, on l’ajuntament de Quart corria amb les despeses dels actes religiosos. Estes últimes es feen en honor a S. Antoni, S. Josep, S. Roc i, especialment, la festa de S. Onofre al 10 de Juny.<br />
A banda de la llegenda, la realitat és que la Passejà és una processo votiva, on el poble de Quart, representant pel seu Ajuntament i el veïns, rendix homenatge al Sant patró per la seua intercessió, passejant-lo a la nit de la vespra de la seua festa amb llums de coets. El pas del temps ha anat configurant una sèrie d’elements que caracteritzen la festa fent-la peculiar i senya d’identitat pròpia de Quart de Poblet. Estos elements són:<br />
•	La figura de Sant Onofre, patró de Quart, que és passejat pels carrers del poble. La seua anda, on el Sant anacoreta rep la comunió de mans d’un angel a la seua cova, feta a 1940 per &#8230;., és una replica d’una altra més antiga , probablement del s.XVII, destruïda a la Guerra Civil.<br />
•	La participació popular, representada per l’Ajuntament i els veïns que acompanyen al sant, darrere l’anda, de manera informal i dissentida.<br />
•	El foc de pólvora, amb les rodes de foc que es fan a determinats punt del recorregut, i amb la fila de coeters, que encapçalen la processó amb lluminàries i coets d’eixides, mantingut amb tenalles de fusta.<br />
•	La música, tant el grup de tabal i dolçaina que obri la procesó com la banda que la tanca, contribueixen a remarcar el caràcter festiu de l’acte.</p>
<h2>La llegenda de la Passejà</h2>
<p>Conten els majors que al finalitzar la primavera de 1723 la situació del llauradors de Quart de Poblet, que eren la majoria del habitants del poble, era desesperada. Hi havia una gran sequera i el mesos de pluja havien passat sense deixar quasi aigua. El riu, a més a més, a penes duia un poc de líquid, i les séquies feia dies que no portaven aigua. Per aixó, quan en la nit del 9 de Juny s’arremolinaren els núvols de tempesta, en moltes cases començaren a donar gràcies a S. Onofre per haver sentit les seues peticions i no haver abandonat als seus fills de Quart en eixa situació anguniosa. Però l’alegria de seguida es convertí en un crit de desesperació quan començaren a caure als carrers del poble grosses pedres de granis: Si les collites estaven debilitades, aquella pedra seria la perduda completa de tot i l’inici d’una temporada de fam. Els llauradors, ixqueren a plena nit als camps per tractar de salvar el que es poguera. Allí, a l’horta, s’adonaren que mentres al poble continuava caiguent la pedra, als camps només plovia aigua beneficiosa.<br />
De seguida, entengueren que això era una senyal de la protecció del seu patró S. Onofre i, correguent, es concentraren a la porta de la ermita, i obriguent les portes, tragueren l’anda de vell Sant per agrair-li, en processó de traques d’alegria, la seua intervenció miraculosa.</p>
<p>&nbsp;</p>

<p>Història de l&#8217;Associació L’any 1989 va nàixer l’Associació d’Amics de la Passejà de Quart de Poblet, un grup d’homes i dones que ens reconeixem a nosaltres mateixa com amics. El nostre interés és mantindre i dignificar una festa en la que participem com a col·lectiu i que, des de l’any 1723, -segons diuen- se cel·lebra&#8230;</p>
