{"id":22,"date":"2011-05-19T09:04:33","date_gmt":"2011-05-19T07:04:33","guid":{"rendered":"http:\/\/www.amicsdelapasseja.com\/wordpress\/?page_id=22"},"modified":"2023-12-06T14:03:33","modified_gmt":"2023-12-06T12:03:33","slug":"contacte-2022","status":"publish","type":"page","link":"https:\/\/www.amicsdelapasseja.com\/wordpress\/contacte-2022\/","title":{"rendered":"Contacte."},"content":{"rendered":"<p>Si voleu contactar teniu 4 \u00a0<strong>correus electr\u00f2nics<\/strong>:<\/p>\n<p style=\"padding-left: 40px;\"><em>&#8211; Per a informaci\u00f3 general:<\/em><\/p>\n<p style=\"padding-left: 80px;\">amicsdelapassejaquart@gmail.com<\/p>\n<p style=\"padding-left: 80px;\">amicsdelapasseja@amicsdelapasseja.com<\/p>\n<p style=\"padding-left: 40px;\"><em>&#8211; Per a contactar en la Junta Directiva:<\/em><\/p>\n<p style=\"padding-left: 80px;\">juntadirectiva@amicsdelapasseja.com<\/p>\n<p style=\"padding-left: 40px;\"><em>&#8211; Sobre la web:<\/em><\/p>\n<p style=\"padding-left: 80px;\">webmaster@amicsdelapasseja.com<\/p>\n<p><strong>Tamb\u00e9 estem a Facebook:<\/strong><\/p>\n<p style=\"padding-left: 40px;\"><a href=\"https:\/\/es-es.facebook.com\/AmicsdelaPasseja\/\">https:\/\/es-es.facebook.com\/AmicsdelaPasseja\/<\/a><\/p>\n<p><strong>Associaci\u00f3 Amics de la Passej\u00e0<\/strong><\/p>\n<p style=\"padding-left: 40px;\">Pla\u00e7a de l&#8217;Esgl\u00e8sia,\u00a08<\/p>\n<p style=\"padding-left: 40px;\">46930 Quart de Poblet<\/p>\n<p style=\"padding-left: 40px;\">Valencia<\/p>\n","protected":false},"excerpt":{"rendered":"<p>Si voleu contactar teniu 4 \u00a0correus electr\u00f2nics: &#8211; Per a informaci\u00f3 general: amicsdelapassejaquart@gmail.com amicsdelapasseja@amicsdelapasseja.com &#8211; Per a contactar en la Junta Directiva: juntadirectiva@amicsdelapasseja.com &#8211; Sobre la web: webmaster@amicsdelapasseja.com Tamb\u00e9 estem a Facebook: https:\/\/es-es.facebook.com\/AmicsdelaPasseja\/ Associaci\u00f3 Amics de la Passej\u00e0 Pla\u00e7a de l&#8217;Esgl\u00e8sia,\u00a08 46930 Quart de Poblet Valencia<\/p>\n","protected":false},"author":1,"featured_media":0,"parent":0,"menu_order":0,"comment_status":"closed","ping_status":"closed","template":"","meta":{"_kad_post_transparent":"","_kad_post_title":"","_kad_post_layout":"","_kad_post_sidebar_id":"","_kad_post_content_style":"","_kad_post_vertical_padding":"","_kad_post_feature":"","_kad_post_feature_position":"","_kad_post_header":false,"_kad_post_footer":false,"footnotes":""},"_links":{"self":[{"href":"https:\/\/www.amicsdelapasseja.com\/wordpress\/wp-json\/wp\/v2\/pages\/22"}],"collection":[{"href":"https:\/\/www.amicsdelapasseja.com\/wordpress\/wp-json\/wp\/v2\/pages"}],"about":[{"href":"https:\/\/www.amicsdelapasseja.com\/wordpress\/wp-json\/wp\/v2\/types\/page"}],"author":[{"embeddable":true,"href":"https:\/\/www.amicsdelapasseja.com\/wordpress\/wp-json\/wp\/v2\/users\/1"}],"replies":[{"embeddable":true,"href":"https:\/\/www.amicsdelapasseja.com\/wordpress\/wp-json\/wp\/v2\/comments?post=22"}],"version-history":[{"count":17,"href":"https:\/\/www.amicsdelapasseja.com\/wordpress\/wp-json\/wp\/v2\/pages\/22\/revisions"}],"predecessor-version":[{"id":4149,"href":"https:\/\/www.amicsdelapasseja.com\/wordpress\/wp-json\/wp\/v2\/pages\/22\/revisions\/4149"}],"wp:attachment":[{"href":"https:\/\/www.amicsdelapasseja.com\/wordpress\/wp-json\/wp\/v2\/media?parent=22"}],"curies":[{"name":"wp","href":"https:\/\/api.w.org\/{rel}","templated":true}]}}

<p>Si voleu contactar teniu 4  <strong>correus electrònics</strong>:</p>
<p style="padding-left: 40px;"><em>&#8211; Per a informació general:</em></p>
<p style="padding-left: 80px;">amicsdelapassejaquart@gmail.com</p>
<p style="padding-left: 80px;">amicsdelapasseja@amicsdelapasseja.com</p>
<p style="padding-left: 40px;"><em>&#8211; Per a contactar en la Junta Directiva:</em></p>
<p style="padding-left: 80px;">juntadirectiva@amicsdelapasseja.com</p>
<p style="padding-left: 40px;"><em>&#8211; Sobre la web:</em></p>
<p style="padding-left: 80px;">webmaster@amicsdelapasseja.com</p>
<p><strong>També estem a Facebook:</strong></p>
<p style="padding-left: 40px;"><a href="https://es-es.facebook.com/AmicsdelaPasseja/">https://es-es.facebook.com/AmicsdelaPasseja/</a></p>
<p><strong>Associació Amics de la Passejà</strong></p>
<p style="padding-left: 40px;">Plaça de l&#8217;Esglèsia, 8</p>
<p style="padding-left: 40px;">46930 Quart de Poblet</p>
<p style="padding-left: 40px;">Valencia</p>

<p>Si voleu contactar teniu 4  correus electrònics: &#8211; Per a informació general: amicsdelapassejaquart@gmail.com amicsdelapasseja@amicsdelapasseja.com &#8211; Per a contactar en la Junta Directiva: juntadirectiva@amicsdelapasseja.com &#8211; Sobre la web: webmaster@amicsdelapasseja.com També estem a Facebook: https://es-es.facebook.com/AmicsdelaPasseja/ Associació Amics de la Passejà Plaça de l&#8217;Esglèsia, 8 46930 Quart de Poblet Valencia</p>
